, -4*b + 20 = 4*x. Suppose 42*w + 4*t - 10111 = 39*w, 3*w - 10116 = -b*t. Is w a composite number?
True
Let a(z) = -9033*z + 866. Is a(-25) composite?
False
Let v(r) = -5*r + 10. Let k be v(1). Suppose m - 15 = 4*m, -5*m = -k*w + 22860. Is w a prime number?
True
Suppose -27500 = -8*m + 2820. Is 4/(-1)*m/(-8) composite?
True
Suppose 4*z - 5*m = -6, -6*z + 9*z = -5*m + 13. Let g be 2*z/(-4) - (-2612)/8. Suppose -4*s + 15223 = 5*y, -4*y + g + 11856 = 2*s. Is y prime?
False
Let p(a) = 37415*a**2 + 21*a - 17. Is p(1) composite?
True
Let i(x) = -3 - 2333*x + 458*x - 4 - 2649*x. Is i(-5) a composite number?
False
Let l be (6/2*2)/(1/1290). Let c = l - 2806. Is c prime?
False
Let s(k) = 37624*k**2 + 2*k. Let x be s(-1). Let o = -20960 + x. Suppose -o = -7*b + b. Is b composite?
False
Is 15/((-60)/(-151636)) + 10 a composite number?
True
Suppose -4*h = -5*w - 37, w = 2*w + h + 2. Let k = w - -10. Suppose -5*n + 5*j + 8460 = 0, k*n + 5*j - 8415 = j. Is n composite?
True
Let f(i) = i**3 - 5*i**2 + 7*i + 9. Suppose w + 13 = -5*k, w - 5*k - 11 = 6. Let m be w/5 + 28/5. Is f(m) prime?
False
Let f(n) = -237*n + 10463. Is f(40) composite?
False
Suppose 4*j + 8 = 0, j = -2*x - x + 7. Suppose 7889 = x*l + d, 5250 = -4*l + 6*l - 4*d. Is l prime?
False
Is 4/(-26) - (-6 - (-12 + 6727311/39)) a prime number?
True
Suppose 384*d - 26005 = 349*d. Is d a composite number?
False
Let z be ((0 + 3 - 5) + 4)/1. Suppose 3*k - 3*g - 11338 = 1925, k - z*g - 4421 = 0. Is k a composite number?
False
Suppose 0 = 119*o - 116*o + 3*b - 6553143, -8 = b. Is o prime?
True
Let j(h) = -h + 19. Let x be j(12). Let m(f) = f**3 - 3*f**2 + 2*f - 23. Is m(x) a prime number?
False
Is (-3)/(9/(-52075)) - (64/3)/16 prime?
False
Let u(y) be the first derivative of -y**2/2 + 52*y - 47. Is u(-15) composite?
False
Suppose -a = 3*r - 8942, -5*r - 717 + 15635 = -2*a. Suppose -5*i + 18077 = r. Is i a prime number?
True
Let v(h) = -13*h - 121. Let p be v(-11). Suppose -p*f = -23*f + 5879. Is f prime?
True
Let g be (4/(-18)*-6)/((-52)/(-78)). Let z be -5 + (-5)/(-1) + 98 + g. Suppose -2*d - 2728 = -2*b, -b - 5*d + 1446 = z. Is b a composite number?
False
Suppose -18*b - 7*b - 15*b + 16196920 = 0. Is b a prime number?
False
Suppose 10*q - 36 = 8*q. Suppose -1127 = -q*y + 6955. Is y composite?
False
Suppose 0 = -40*b + 34*b. Suppose -7*h + 13*h - 402 = b. Is h composite?
False
Suppose 0 = -110*o + 120*o + 138420. Is 11 + -15 + 2 + 1 - o a composite number?
False
Let p(o) = -535*o - 42. Let z be p(-5). Let v = 3961 - z. Is (v/(-3))/(-1) - 3/(-9) a prime number?
True
Let w = -1344 - 7869. Let x = w + 15902. Is x prime?
True
Suppose -172*u + 386128 = -169*u - 5*r, -128696 = -u - r. Is u prime?
False
Let y(a) = -a**3 + 17*a**2 - 16*a - 4. Let r be y(16). Let z be (r + (6 - 3))*-2. Suppose -2*x + z*j + 3*j + 4127 = 0, -5*x - 2*j + 10245 = 0. Is x prime?
False
Let r(b) = 28582*b**2 + 5*b - 11. Let d(x) = 9527*x**2 + 2*x - 4. Let m(n) = -11*d(n) + 4*r(n). Is m(-1) a prime number?
True
Let j(r) = -2*r**2 - 36*r + 35. Let m be j(-19). Is 101330/30*(6 + m)*1 a prime number?
True
Suppose 2*v = 4*r + 1234194, -3*v + 78*r = 80*r - 1851307. Is v composite?
True
Let o = -34 + 36. Let f be (3 + -5)/((-1)/3*o). Let a(i) = 6*i**3 - i**2 + 2*i - 1. Is a(f) prime?
False
Suppose -5*m = -5*g - 1523809 - 13466, 307449 = m - 4*g. Is m prime?
False
Suppose 3*t - 5*l + 2332 = 0, -l + 440 = -4*t - 2641. Suppose -45*u + 9810 = -40*u. Let r = t + u. Is r a prime number?
True
Let v(y) = -227*y**3 + 4*y**2 - 13*y + 33. Is v(-7) a composite number?
True
Let y(p) = p**3 - 6*p**2 + 7. Let v be y(6). Let g(m) = 67*m + 7 - 31*m + 73*m - 31 - 18*m. Is g(v) a prime number?
True
Let l = 144293 - 38944. Is l a composite number?
True
Let c(o) = -2*o**2 - 18*o - 32. Let v be c(-5). Let i(y) = 21*y**2 + 45*y + 5. Is i(v) prime?
True
Let c(f) = -5883*f**2 + 7. Let g be c(3). Is g/(-40)*(2/1 + 0) a prime number?
True
Let j(d) = 26093*d - 4876. Is j(39) a composite number?
False
Let x be ((-12)/(-5))/(18/45). Let y = -80 - -7. Let t = x - y. Is t a composite number?
False
Suppose 697 = 15*t - 53. Let q be -87*(-10)/15*t/4. Suppose 2*f - 2191 = -f - 5*j, -q = -f - 3*j. Is f a prime number?
False
Suppose 3*z - 3*q + 29 = 8*z, -2*q - 14 = -5*z. Let y = z - 0. Suppose 1013 = 2*m + v + 161, -435 = -m + y*v. Is m a composite number?
True
Let k = -31 - -19. Let s(f) = f**2 - 2*f - 2. Let r(t) = -t**3 - 4*t**2 + 4*t + 21. Let x(b) = r(b) + 3*s(b). Is x(k) prime?
False
Let r(k) = 4017*k + 112. Let n = -303 + 305. Is r(n) composite?
True
Let y(b) = 3933*b - 148. Is y(13) a prime number?
False
Let y = -64943 + 196432. Is y composite?
False
Let y(x) = 14426*x**3 + 2*x**2 - 2. Let q be y(1). Suppose -3226 = -12*c + q. Is c a prime number?
True
Let i be 0/(-5) - (-12)/(2 + -4). Is ((-80)/(-28))/(i/(-21)) prime?
False
Let q = -3726 - -285589. Is q composite?
True
Let m be 3/(6/8) + (-3 - -7). Is (-16046)/(-12) - m/48 composite?
True
Let m(o) = -3*o**2 + 17. Let f be m(-4). Let n(b) = -b**3 - 31*b**2 - 55*b - 68. Is n(f) composite?
False
Let c(z) = 10*z**2 - 19*z + 200. Let g be (-3)/(-12) + (-630)/(-72). Is c(g) a prime number?
True
Suppose -3*r = -5*c - 8, -c - 2*r - 20 = 2*c. Let m be 1*2 + 2 + c. Suppose 4*v = -5*y + 2207, m*y + 5*v = -y + 433. Is y composite?
False
Let v(p) = 902*p**2 + 387*p + 11. Is v(-10) a composite number?
False
Let r = 888 + 7002. Let n = r - 5431. Is n prime?
True
Suppose r = -5*d + 13, 3*d - 17 = -3*r - 2. Suppose 5*g - d*j = -80, 5*j = -2*g + g - 43. Is ((-1413)/g)/(3/6) a composite number?
False
Is 1*(2/(0 - -12))/((-12)/(-11254104)) prime?
True
Let w(t) = -2*t + 9. Let r be w(8). Let o be (r + 165/2)/(1/4). Is o - (9 + 3)/(-4) composite?
True
Suppose -4*s + 300*h - 297*h + 49916 = 0, 24986 = 2*s - 5*h. Is s prime?
True
Let i(r) be the second derivative of -11*r**6/48 + 2*r**5/15 - 3*r**4/4 - 18*r. Let x(g) be the third derivative of i(g). Is x(-11) composite?
False
Let h(d) = d + 14. Let x be h(-13). Let r be (x - 13)/(34/51). Is 0 - ((-4)/r - 9256/18) a composite number?
True
Is ((-689)/(-2574) - (-5)/(-110)) + 3527881/9 a composite number?
False
Let r(f) = -3*f**3 + 3*f**2 + 12*f - 76. Let j be r(9). Let g = j - -4701. Is g composite?
False
Suppose -4*g - 8 = 0, -4*d + 7*d + 5*g + 19 = 0. Let h be d - 531/(0 + -3). Suppose -64 - h = -7*o. Is o prime?
False
Suppose 5*u - c - 811792 = 0, 168*u + 487071 = 171*u - 2*c. Is u a composite number?
False
Let f(k) = -k**3 - 123*k**2 + 527*k - 231. Is f(-130) prime?
True
Let z(j) = -308*j + 69. Let y(c) = c**3 - 6*c**2 - 2*c + 4. Let x be y(6). Is z(x) composite?
True
Suppose -3 = -z - g, 4*z = 6*g - 5*g + 22. Suppose -3*a = -4*m + 28144, z*m - 35191 = -0*m + a. Is m a composite number?
False
Let d(k) = -49912*k**3 - k**2 - k + 4. Let y be d(1). Is (y/21 + 3)*-3 prime?
True
Let h = 19601 + -4474. Is h prime?
False
Suppose 5*i = -2*l - 280, 0 = l + 5*i + 109 + 36. Is 15/(l/(-2034))*1/2 a composite number?
False
Suppose -m + 70697 = 19*q - 144178, -4*q + 214935 = m. Is m composite?
True
Suppose 3*u + 4*v - 43 = 0, -2*u = -3*v + 3 - 26. Suppose 0 = -4*x + 20, -u*x - 5765 = -5*d - 15*x. Is d a prime number?
True
Let q(i) = 146*i + 131. Let n be q(6). Let h = 2934 - n. Is h composite?
True
Let q = 569920 + -360177. Is q a prime number?
True
Suppose -22*x = -29*x + 35. Suppose 2634 = -2*z + x*z. Is z a composite number?
True
Suppose -5*g = 0, 0*g = 2*v + g + 3*g - 57406. Is v a prime number?
True
Suppose -18*s + 4 = -68. Suppose 2*v = 7*l - 3*l + 4314, s*v - 8640 = -4*l. Is v prime?
False
Suppose 6*g - 5*g + 1633456 = 3*c, 0 = 3*c + 4*g - 1633421. Is c a prime number?
False
Suppose 42 = 28*g - 42. Is g*(-4 - -3) + 0 + 1402 prime?
True
Suppose c - 2*c + 18 = 3*m, -5*m = 2*c - 31. Suppose 9794 = 5*q - 3*b, c*b - 1601 - 347 = -q. Is q prime?
False
Let y be 3/(-15) + (-89)/5. Suppose -3*j = 3, -5*n + 3*j - j - 8 = 0. Is (n/9 - (-50)/y) + 665 prime?
False
Suppose 2*t + 2*z = 56, -3*t = -7*t - 5*z + 111. Suppose -y + t = 2*d + 2*d, -5*d - 4*y = -50. Suppose d*g - 605 = g. Is g a prime number?
False
Suppose 3749560 = 26*b + 14*b. Is b a composite number?
False
Suppose -1132512 = -2*s + 307*h - 310*h, 9*h = -18. Is s composite?
True
Suppose 0 = -4*c + 3*n + 378919, -5*n = 7*c - 11*c + 378921. Is c pr